421.
49
Let d = -909 + 1093. What is the highest common factor of 32 and d?
8
Let q(s) = 3*s**2 + s - 15. Let u be q(3). What is the greatest common factor of 255 and u?
15
Let b(c) = 8*c**2. Let p be b(1). Let q be ((-30)/p)/((-6)/736). Suppose 0 = 5*n - n - q. Calculate the highest common divisor of 23 and n.
23
Let m(j) = 3*j**2 + 2*j - 1. Let c(l) = 6*l**2 + 2*l - 3. Let a be c(2). Let x = -22 + a. Let z be m(x). What is the highest common factor of 4 and z?
4
Suppose 2*g - 3*h - 1 = 0, g + 4 = 4*h - 3. Suppose 5*u = -2*y + y + 20, 37 = 4*u + g*y. Let v = u - -3. Calculate the highest common factor of 30 and v.
6
Let x = -7 - -13. Let v = -33 - -39. What is the highest common divisor of v and x?
6
Suppose 28*r + 171 = 31*r. Let s = r + -17. Calculate the highest common factor of s and 10.
10
Let h = -982 - -1096. Calculate the greatest common factor of 30 and h.
6
Let r = -7 + 16. Let s(w) = -17*w - 243. Let x be s(-18). What is the highest common factor of r and x?
9
Let c be (-44)/(-11) - (-86)/1. Suppose 4*i - 5*y = 124, 4*y + c = 5*i - 74. Calculate the highest common divisor of 18 and i.
18
Let o(p) = p**2 + 40*p + 118. Let h be o(-37). Let x = -14 + 15. What is the highest common factor of h and x?
1
Let o be (6/(-8))/((-63)/17556). Calculate the highest common factor of 33 and o.
11
Suppose -4*w - 16 = 0, -w - 196 - 28 = -4*j. Let k be ((-58)/(-5) - 4)/(4/10). Let z = 24 - k. What is the greatest common factor of j and z?
5
Suppose -7*o = -6*o - 165. Suppose m - o = -m + 5*h, -m + 2*h = -84. What is the greatest common divisor of m and 36?
18
Let l(h) = 17*h**3 - 3*h**2 + 4*h - 4. Let j be l(2). Suppose 2*v - v + 5 = 0. Let m be (-385)/(-25) + (-3)/v. Calculate the greatest common factor of j and m.
16
Let f(x) = x**3 + 8*x**2 + 4*x - 29. Let q be f(-6). What is the greatest common factor of 228 and q?
19
Let x(o) = 5*o - 4. Let a be x(3). Suppose -3*s + h + 258 = 0, 3*s - 6*h = -4*h + 252. What is the highest common divisor of a and s?
11
Let c(d) = -16*d - 23. Let j be c(-4). Let u = 241 + -118. What is the highest common factor of u and j?
41
Let l(k) = 79*k - 333. Let c be l(5). What is the highest common factor of 1922 and c?
62
Let l = -6237 - -6369. Let h be 17*2 - (-1)/(-1). Calculate the greatest common factor of h and l.
33
Let w be (-15)/((-14)/35 - (-9)/10). Let g = w + 66. Calculate the greatest common factor of g and 48.
12
Let g = 48 + -168. Let d be (-2)/9 + g/(-54). What is the greatest common divisor of 5 and d?
1
Let z be (3 - (-94)/(-4))*2*-1. Suppose -4*u + 54 = -v, 8*u - z = 5*u + v. Let m = 12 + 1. Calculate the highest common factor of m and u.
13
Suppose -4*n + 4*k + 34 = -2*n, -n = -4*k - 25. What is the highest common factor of 45 and n?
9
Suppose -2*g = -2*c + c - 7, 15 = 5*g - 3*c. Calculate the highest common divisor of 78 and g.
6
Let j be 844/14 - (-10)/(-35). What is the highest common factor of 140 and j?
20
Let m be (-19)/((-95)/(-408)) - (-6)/10. Let w = 100 + m. Calculate the highest common factor of w and 114.
19
Suppose 0 = 28*g - 45*g + 4199. What is the highest common divisor of 19 and g?
19
Suppose 4*v - 117 = -5*v. What is the greatest common factor of 533 and v?
13
Let q(l) = 5*l - 48. Let c be q(8). Let j(p) = p**3 + 9*p**2 + 6*p - 4. Let n be j(c). Calculate the highest common factor of 24 and n.
12
Suppose -2*f = 18 - 72. Let c be 897/f - (-4)/(-18). Suppose -k + 2 = 0, -3*k + c = -o + 2*o. What is the highest common divisor of o and 54?
27
Suppose 5*h = -2*l + l + 1331, 4*h - 1068 = -4*l. What is the greatest common factor of 98 and h?
14
Let f be (-25380)/(-225) - (-2)/10. Calculate the highest common divisor of 1243 and f.
113
Suppose 6677 = 15*i + 557. Calculate the greatest common divisor of 120 and i.
24
Let c = 1268 - 1186. What is the highest common divisor of c and 779?
41
Let r be (-1 - 0/(-4))/(2/(-22)). What is the highest common factor of 143 and r?
11
Let k be (-3 - (-7 + 5)) + 47 + -1. Let l be ((-35)/(-4))/(5/40). Suppose 25 = -5*n + l. Calculate the highest common factor of n and k.
9
Suppose 5*n - 798 + 183 = 0. Calculate the greatest common divisor of 451 and n.
41
Let n be 648 + 56/(-21)*3. What is the greatest common factor of 32 and n?
32
Let b be 18/(-27) - (-539)/21. Calculate the highest common divisor of b and 625.
25
Let x(j) = j**2 + 12*j - 31. Let t be 3 - ((-12 - -4) + 5). Let c be x(t). What is the highest common factor of c and 7?
7
Let a = -17 - -11. Let u be 1/2*(-1 - 294/a). What is the greatest common divisor of 3 and u?
3
Suppose 62*m - 129 = 739. What is the greatest common divisor of 189 and m?
7
Suppose j + 3*c + c = -4, -5*c = j + 5. Suppose j = -5*k + 24 + 6. Calculate the greatest common factor of 1 and k.
1
Let p(t) = 5*t**2 + 24*t - 10. Let r be p(-6). Calculate the highest common factor of 13 and r.
13
Suppose 3*w + w = -4. Let a be (-1)/(w - 0)*161. Suppose -5*d + 113 = 2*u, -5*d + d - 5*u + 87 = 0. What is the greatest common factor of d and a?
23
Suppose -525 = -8*m + 27. What is the highest common factor of 46 and m?
23
Let l be (-42)/(-4) - (-1)/2. Let s(n) = -n**2 - 15 + l*n - 5 - 1. Let r be s(6). Calculate the greatest common divisor of r and 9.
9
Let t = 93 - 53. Suppose 56 + 984 = 13*s. What is the greatest common divisor of s and t?
40
Suppose -d = -20 + 8. Let k(u) = 47*u**2 + 2*u - 1. Suppose 0 = -b + 3*b - 2. Let s be k(b). Calculate the greatest common factor of d and s.
12
Let t(h) = -h + 2. Let g be t(1). Suppose -u + g = -120. Let c be (-1)/(138/(-66) - -2). Calculate the highest common divisor of u and c.
11
Let p = 34 - 19. What is the greatest common divisor of p and 240?
15
Let v = 11 - 7. Suppose 14 = -v*l - 70. Let n = 33 - l. What is the highest common factor of 6 and n?
6
Let g be 2/(-4)*(-47 + 27). Calculate the greatest common divisor of g and 23.
1
Let q be 1130/(-339)*12/(-5). Calculate the highest common divisor of 472 and q.
8
Let z(i) = -i + 2. Let c be z(-10). Suppose 4*v + 0 = c. Suppose -5*w + 79 = -4*n, -3*w - w + 4*n + 64 = 0. Calculate the greatest common factor of w and v.
3
Let p(c) = 20 - c**2 + c + 3*c + 4*c - 10*c. Let k be p(0). What is the greatest common divisor of k and 20?
20
Let q = 150 + -102. What is the greatest common divisor of q and 112?
16
Suppose -5*i = 599 - 1004. Calculate the greatest common factor of i and 54.
27
Suppose 0 = -8*r + 47 - 15. Suppose r*a + 32 = 140. What is the highest common factor of a and 18?
9
Let t be -3 - (-4 - -3) - -7. Let i be (-2)/(((-5)/(-4))/(-5)) + -5. What is the greatest common factor of i and t?
1
Suppose -20 = 3*p + 2*p, -4*m - 2*p + 220 = 0. Let q = m - 13. Let s = -195 - -199. What is the greatest common factor of s and q?
4
Let t = 2 - -1. Suppose -27*y - 2*q + 4 = -25*y, 2*y = -q + 6. What is the greatest common divisor of t and y?
1
Suppose -3*l - 50 = -l + 2*p, 0 = 2*l - 3*p + 65. Let k = -21 - l. Calculate the highest common factor of 14 and k.
7
Suppose -9*j + 148 = -518. Calculate the highest common divisor of j and 37.
37
Suppose 4*z - 6*z = 5*g - 900, -2*z + 540 = 3*g. Calculate the greatest common divisor of g and 3.
3
Suppose -1122*n + 1109*n = -2431. What is the highest common divisor of n and 68?
17
Let k be ((-4)/(-18))/((-68)/(-1836)). What is the greatest common factor of k and 10?
2
Let d(n) = -n. Let b be d(-2). Suppose -3*u = -8*u + 2*g + 49, -b*g = 2*u - 14. Calculate the highest common factor of 90 and u.
9
Let c = -1290 - -1404. Calculate the greatest common divisor of c and 741.
57
Suppose 17*d - 337 = -133. Calculate the greatest common factor of 276 and d.
12
Let x = -36 - -48. Let w(v) = -v**3 + 8*v**2 + 4. Let a be w(8). Suppose -a*i = -3*i - x. Calculate the highest common divisor of i and 6.
6
Suppose 0 = -3*o + 9, 2*c = -0*c - 3*o + 87. Let r be (1/3)/(4/(-24)) - -15. What is the greatest common divisor of c and r?
13
Suppose 0 = -18*d + 14*d + 48. What is the highest common divisor of 30 and d?
6
Let b be 1/(7/(-9982)*-1). What is the greatest common divisor of 46 and b?
46
Suppose 41*p + 117 = 2*p. Let z(t) be the first derivative of -2*t**2 + 1. Let q be z(p). What is the greatest common factor of q and 84?
12
Let f = 21 + -22. Let g be f - 3 - (-7 - -2). What is the highest common factor of g and 11?
1
Let r(